{"id":208,"date":"2012-02-28T16:38:38","date_gmt":"2012-02-28T15:38:38","guid":{"rendered":"http:\/\/schuetzenzunft-neukalen.de\/?page_id=208"},"modified":"2012-10-30T13:57:33","modified_gmt":"2012-10-30T12:57:33","slug":"vereine-und-verbande","status":"publish","type":"page","link":"https:\/\/schuetzenzunft-neukalen.de\/?page_id=208","title":{"rendered":"Vereine\/Verb\u00e4nde"},"content":{"rendered":"<h2>Partnervereine:<\/h2>\n<p>&nbsp;<\/p>\n<h3 style=\"text-align: center;\">Sch\u00fctzenverein Schwinde<\/h3>\n<p style=\"text-align: center;\"><a href=\"http:\/\/www.schuetzen-schwinde.de\/\"><img loading=\"lazy\" decoding=\"async\" class=\"size-full wp-image-192\" title=\"schwinde\" src=\"http:\/\/schuetzenzunft-neukalen.de\/wp-content\/uploads\/2012\/02\/schwinde.gif\" alt=\"\" width=\"115\" height=\"150\" \/><\/a><\/p>\n<h2 style=\"text-align: center;\"><\/h2>\n<p>&nbsp;<\/p>\n<h1 style=\"text-align: left;\">Verb\u00e4nde:<\/h1>\n<p>&nbsp;<\/p>\n<h3 style=\"text-align: center;\">Deutscher Sch\u00fctzenbund<\/h3>\n<h2 style=\"text-align: center;\"><a href=\"http:\/\/www.dsb.de\/start\/\"><img loading=\"lazy\" decoding=\"async\" class=\"aligncenter size-full wp-image-215\" title=\"dsb\" src=\"http:\/\/schuetzenzunft-neukalen.de\/wp-content\/uploads\/2012\/02\/dsb.jpg\" alt=\"\" width=\"125\" height=\"67\" \/><\/a><\/h2>\n<p>&nbsp;<\/p>\n<p>&nbsp;<\/p>\n<h3 style=\"text-align: center;\">Landessch\u00fctzenverband Mecklenburg Vorpommern<\/h3>\n<p style=\"text-align: center;\"><a href=\"http:\/\/www.lsv-mv.de\/\"><img loading=\"lazy\" decoding=\"async\" class=\"aligncenter size-full wp-image-216\" title=\"Logo_MV\" src=\"http:\/\/schuetzenzunft-neukalen.de\/wp-content\/uploads\/2012\/02\/Logo_MV.jpg\" alt=\"\" width=\"150\" height=\"113\" \/><\/a><\/p>\n","protected":false},"excerpt":{"rendered":"<p>Partnervereine: &nbsp; Sch\u00fctzenverein Schwinde &nbsp; Verb\u00e4nde: &nbsp; Deutscher Sch\u00fctzenbund &nbsp; &nbsp; Landessch\u00fctzenverband Mecklenburg Vorpommern<\/p>\n","protected":false},"author":1,"featured_media":0,"parent":439,"menu_order":1,"comment_status":"closed","ping_status":"closed","template":"","meta":{"_mc_calendar":[],"footnotes":""},"class_list":["post-208","page","type-page","status-publish","hentry"],"_links":{"self":[{"href":"https:\/\/schuetzenzunft-neukalen.de\/index.php?rest_route=\/wp\/v2\/pages\/208","targetHints":{"allow":["GET"]}}],"collection":[{"href":"https:\/\/schuetzenzunft-neukalen.de\/index.php?rest_route=\/wp\/v2\/pages"}],"about":[{"href":"https:\/\/schuetzenzunft-neukalen.de\/index.php?rest_route=\/wp\/v2\/types\/page"}],"author":[{"embeddable":true,"href":"https:\/\/schuetzenzunft-neukalen.de\/index.php?rest_route=\/wp\/v2\/users\/1"}],"replies":[{"embeddable":true,"href":"https:\/\/schuetzenzunft-neukalen.de\/index.php?rest_route=%2Fwp%2Fv2%2Fcomments&post=208"}],"version-history":[{"count":9,"href":"https:\/\/schuetzenzunft-neukalen.de\/index.php?rest_route=\/wp\/v2\/pages\/208\/revisions"}],"predecessor-version":[{"id":701,"href":"https:\/\/schuetzenzunft-neukalen.de\/index.php?rest_route=\/wp\/v2\/pages\/208\/revisions\/701"}],"up":[{"embeddable":true,"href":"https:\/\/schuetzenzunft-neukalen.de\/index.php?rest_route=\/wp\/v2\/pages\/439"}],"wp:attachment":[{"href":"https:\/\/schuetzenzunft-neukalen.de\/index.php?rest_route=%2Fwp%2Fv2%2Fmedia&parent=208"}],"curies":[{"name":"wp","href":"https:\/\/api.w.org\/{rel}","templated":true}]}}

Vereine/Verbände

<h2>Partnervereine:</h2>
<p>&nbsp;</p>
<h3 style="text-align: center;">Schützenverein Schwinde</h3>
<p style="text-align: center;"><a href="http://www.schuetzen-schwinde.de/"><img loading="lazy" decoding="async" class="size-full wp-image-192" title="schwinde" src="http://schuetzenzunft-neukalen.de/wp-content/uploads/2012/02/schwinde.gif" alt="" width="115" height="150" /></a></p>
<h2 style="text-align: center;"></h2>
<p>&nbsp;</p>
<h1 style="text-align: left;">Verbände:</h1>
<p>&nbsp;</p>
<h3 style="text-align: center;">Deutscher Schützenbund</h3>
<h2 style="text-align: center;"><a href="http://www.dsb.de/start/"><img loading="lazy" decoding="async" class="aligncenter size-full wp-image-215" title="dsb" src="http://schuetzenzunft-neukalen.de/wp-content/uploads/2012/02/dsb.jpg" alt="" width="125" height="67" /></a></h2>
<p>&nbsp;</p>
<p>&nbsp;</p>
<h3 style="text-align: center;">Landesschützenverband Mecklenburg Vorpommern</h3>
<p style="text-align: center;"><a href="http://www.lsv-mv.de/"><img loading="lazy" decoding="async" class="aligncenter size-full wp-image-216" title="Logo_MV" src="http://schuetzenzunft-neukalen.de/wp-content/uploads/2012/02/Logo_MV.jpg" alt="" width="150" height="113" /></a></p>

<p>Partnervereine: &nbsp; Schützenverein Schwinde &nbsp; Verbände: &nbsp; Deutscher Schützenbund &nbsp; &nbsp; Landesschützenverband Mecklenburg Vorpommern</p>
